st the prime factors of o/4 + -717*(-8)/12.
13, 37
Suppose 14*r = -5*r + 15*r. Suppose r = 7*p - 4173 - 3709. List the prime factors of p.
2, 563
Let o(k) = 5*k**3 + 8*k**2 + 44*k - 619. List the prime factors of o(12).
89, 109
Let b be (2 + 11)/((21/(-30))/7). Suppose 4*d - 892 = -4*x, 0*d - 887 = -4*d - 3*x. Let m = b + d. What are the prime factors of m?
2, 11
Suppose -9*a - 907 + 2590 = 0. Let d = a + 348. List the prime factors of d.
5, 107
Let m be 75/18 - (-10)/12. Suppose 4*r - 361 = -3*a, 0 = -0*r + 4*r - m*a - 369. What are the prime factors of r?
7, 13
Suppose 209*z - 7957107 = -52*z. What are the prime factors of z?
43, 709
Let t = 19359 + -5591. List the prime factors of t.
2, 1721
Suppose 12935*b - 12959*b + 525960 = 0. What are the prime factors of b?
3, 5, 487
Let x = -17877 + 29991. What are the prime factors of x?
2, 3, 673
Suppose 0*w = 4*m + 5*w + 177, -5*m - 4*w - 219 = 0. Let c = m - -55. Let g(p) = p**3 - 12*p**2 + p + 3. What are the prime factors of g(c)?
3, 5
Let p = -55 + 57. Suppose -2*f - 274 = -p*n, -n - f + 31 = -96. Let h = -70 + n. What are the prime factors of h?
2, 31
Suppose 6*i + 162 + 312 = 0. List the prime factors of (4 + (i - -4))*(1 - 2).
71
Let v = 181 + 101. Suppose 3*c = -24 + v. What are the prime factors of c?
2, 43
Suppose 9*p = -16*p + 150. What are the prime factors of 2*((-413)/p)/((-8)/24)?
7, 59
Let v(l) = -9*l - 31. Let d(j) = -j - 13. Let c be d(-6). Let f be 11/(385/10) + 58/c. List the prime factors of v(f).
41
Let y(j) = -4*j + 6. Let f(k) = -k**2 + 6*k - 6. Let c be f(2). Let s be y(c). Let l(p) = 29*p**2 + p + 1. List the prime factors of l(s).
5, 23
Suppose 20987 = -15*n + 136667. What are the prime factors of n?
2, 241
Suppose 3*y = -872 - 6070. Let w = y + 3302. Suppose 12*p + 7*p - w = 0. List the prime factors of p.
2, 13
Let p = -992 - -1398. What are the prime factors of (-1 - p/4)*54/(-15)?
3, 41
Let z(n) = -n**2 + 15*n - 22. Let x be z(9). Let f(b) = 23*b + x + b + 0*b. What are the prime factors of f(8)?
2, 7
Suppose 0 = -18*o - 21*o + 117. Suppose 5*z + 5 = -10. List the prime factors of ((-942)/z)/2 + o.
2, 5
Suppose -5*t - 13 = l, -4*l - 4*t - 82 = -30. Let u(z) = -z + 7. Let p be u(l). List the prime factors of ((-78)/(-5))/(8/p).
3, 13
Let c(w) = -41*w - 50. Let z = 88 + -97. What are the prime factors of c(z)?
11, 29
Let f(p) = 8*p**2 - 321*p - 108. List the prime factors of f(-29).
17, 937
Let b be 4/(-2) + 12/2. Suppose -b*d = d. Suppose d*n + 162 = 2*n. List the prime factors of n.
3
Suppose 3*s - 22297 = -1693. What are the prime factors of s/44 - (-4)/(-44)?
2, 3, 13
Let n(c) = c**3 - 21*c**2 - 55*c - 43. Let g be n(25). Let x = -500 + g. List the prime factors of x.
2, 3, 97
Suppose i - 2*l - 14 = -0*i, -i + 24 = -4*l. Let h(s) = -9*s**3 + 7*s**2 + 4*s**3 + i*s**3 + 7. What are the prime factors of h(5)?
3, 19
Let h = 19 + 2. Let r(x) = -x**2 + 18*x + 132. Let g be r(-6). Let u = h + g. List the prime factors of u.
3
Let z = 18730 - -2053. List the prime factors of z.
7, 2969
Let w = 681 + -1038. Let f = w - -760. Suppose -6*d + f = -143. What are the prime factors of d?
7, 13
Let c(f) = -32*f - 54. Let m be (-1)/(2/(-4)) - (1 - -6). What are the prime factors of c(m)?
2, 53
List the prime factors of 508419/12 + 213/284.
3, 29, 487
Let j = -159 + 159. Suppose 3*a = -5*t - j*a + 1229, t + 5*a = 259. List the prime factors of t.
2, 61
Suppose -4*u = -35*u + 80972. Suppose -u = -13*w + 2185. What are the prime factors of w?
3, 41
Suppose 0 = -0*q + 4*q - 12. Let t be 18/6 - (-1 + -3)/(-4). Suppose 137 = 4*h + q*v - t*v, 3*h + 4*v - 93 = 0. List the prime factors of h.
5, 7
Let h = 200 + -270. List the prime factors of (-10)/(-3)*(-1575)/h.
3, 5
Let v(x) = -15*x + 19*x + 65 + 4*x + 15*x. What are the prime factors of v(9)?
2, 17
Let j(x) = x**2 + x. Let l(f) = f**3 + 9*f**2 + 3*f - 3. Let h(p) = 3*j(p) - l(p). Let q be h(-6). Suppose 129 = -0*s + q*s. List the prime factors of s.
43
Let s be 1*10/(-4)*(-136)/170. Suppose -82 = -s*l + 458. List the prime factors of l.
2, 3, 5
Suppose -6*c - 8*c + 6*c = -21744. What are the prime factors of c?
2, 3, 151
Suppose 3*x = 2*t - 12, 0*t + 30 = 5*t - x. What are the prime factors of (5436/(-27))/(((-8)/t)/2)?
2, 151
Let v(g) be the first derivative of -g**3/3 + 35*g**2/2 - 90*g + 3. What are the prime factors of v(28)?
2, 53
Suppose -5399 = 6*q + 6865. Let d = -1434 - q. What are the prime factors of d?
2, 5, 61
Suppose 53*y - 169704 = 1509760. List the prime factors of y.
2, 17, 233
Suppose -3*x - 82 = 3*y + 80, 270 = -5*y + 4*x. Let m = 3 - -26. Let b = m - y. List the prime factors of b.
83
Suppose -25804 = -4*y + 2*l, -16*y = -19*y - 2*l + 19353. What are the prime factors of y?
6451
Let j = 520 - 748. Let k(v) = -64*v + 6. Let u be k(-5). Let r = j + u. What are the prime factors of r?
2, 7
Let g = -46016 - -80528. What are the prime factors of g?
2, 3, 719
Let s(u) = -u**3 - 6*u**2 + 7*u + 3. Let d be s(-7). Let x(k) = -k**3 + 12*k**2 - 14*k + 34. Let l be x(11). What are the prime factors of l/d - (-1 - 3458/21)?
2, 83
Suppose 44 = -11*w, 3*j = -0*j - 3*w + 4467. What are the prime factors of j?
1493
Let h = 352 + -143. Suppose -2*x - h = -5*c, 3*x - 70 = 5*c - 276. Suppose -c = -3*i - v + 2*v, -4*i = 2*v - 74. List the prime factors of i.
2
Suppose -4*b = -4*o - 9796, 5765 = 4*b - o - 4028. List the prime factors of b.
2, 3, 17
Let s(p) = -p**3 - 50*p**2 + 114*p - 34. What are the prime factors of s(-54)?
2, 7, 17, 23
Let d(p) = -2*p**2 + 17*p - 5. Let a be d(9). Let r be 2/a + (-6)/7. List the prime factors of 8/(-5)*(195/2)/r.
2, 3, 13
Suppose -2*f - d = 2*d - 382, -3*f - 2*d = -573. Let b = 1155 - f. List the prime factors of b.
2, 241
Let f(t) = -t**2 - 6*t + 685. Let i be (2 - 2)*4/(16/(-4)). What are the prime factors of f(i)?
5, 137
Let v(a) = -2*a + 4. Let s be v(0). Let d be (-4)/10 + 1314/10. Suppose s*i = 209 + d. List the prime factors of i.
5, 17
What are the prime factors of (-2)/12 + 19462337/642?
3, 5, 43, 47
Suppose -10*i - 380 = -6*i. Let w be i/(-2 + (-44)/(-24)). Suppose 0 = -v - 4, 5*d + 0*v = 5*v + w. List the prime factors of d.
2, 5, 11
Let l(k) = 0 - 12*k**2 - 8*k**2 + 6 - 3*k + 19*k**2. Let r be l(-6). Let w(f) = -6*f - 17. What are the prime factors of w(r)?
5, 11
Let s = 8 - 11. Let h be (-1)/(-3) + (55/s)/(-5). List the prime factors of (-2 + h)/((-3)/(-354)).
2, 59
Let o = -3089 + 12585. What are the prime factors of o?
2, 1187
Let w(l) = -l**3 + 4*l**2 + 5. Let n be w(0). Suppose -c - n*u = -345, c - 2*c + 355 = -5*u. List the prime factors of c.
2, 5, 7
Suppose -b + 0*g + 4*g + 249 = 0, 2*b - 463 = g. Let d be (-67344)/(-183) - ((-13)/2 + 3/(-6)). Let r = d - b. List the prime factors of r.
2, 73
Let r = 736 - 321. Let t = r + 125. List the prime factors of t.
2, 3, 5
Suppose -2*h + 11*y - 8*y - 866 = 0, 4*h = 5*y - 1732. Let l = 884 + h. List the prime factors of l.
11, 41
Let h be 3/2*-1 + (-22)/(-4). Suppose f - 1 = -v - 0, v - h*f + 19 = 0. What are the prime factors of (-490)/(-25) - v/(-5)?
19
List the prime factors of (-11522200)/(-750) + 4*(-2)/(-120).
3, 569
Let c = -4340 + 9051. List the prime factors of c.
7, 673
Suppose -5*h + 11490 = 2*o + 3940, 3*o - 4*h - 11302 = 0. What are the prime factors of o?
2, 5, 13, 29
Let k = 4382 + -2957. What are the prime factors of k?
3, 5, 19
Let d = -35 + 39. Let t(n) = 5*n**2 + n - 9. Let l be t(d). Let z = -53 + l. What are the prime factors of z?
2, 11
Suppose 12*f = 14*f - 6. Let d(m) = -m**f - 7 + 18 + 7*m**2 - 7*m - 12*m + 27*m. What are the prime factors of d(8)?
11
Suppose -113*o + 110*o + 12 = 0. Suppose -o*l + 10*l = -6. List the prime factors of l - (-234 + -1 + -3).
3, 79
Let d(j) = -12*j + 9. Let i(k) = -k - 1. Let g(l) = -21*l - 54. Let y(o) = -g(o) + 12*i(o). Let n be y(-5). List the prime factors of d(n).
3, 5
Suppose -2*m = -153 - 79. Suppose 0 = -4*s - 4*y - 596, -3*s - y - 573 = -m. Let q = s + 238. What are the prime factors of q?
2, 3, 7
Let d(x) = 3*x**3 - x**2 - x - 1. Let s(c) = 10*c**3 + 38*c**2 + 24*c + 5. Let t(h) = -3*d(h) + s(h). What are the prime factors of t(-40)?
2, 3, 11
Let w = -127 - -328. Suppose -w = -2*g + 339. What are the prime factors of g?
2, 3, 5
Let b(q) = 16*q - 136. Let l be b(10). List t